(-14 - -17) + 0 + -6.
-3
4 - (3 - 1) - 0
2
What is -7 - -2 - (-12 + 2)?
5
What is 1 + -2 + 0 - -3?
2
Evaluate (10 - -2) + (-19 - (19 + -34)).
8
What is 6 - 1 - (11 - 13) - 4?
3
Calculate 0 - -1 - (-1 - (9 - 6)).
5
Calculate 4 + (-17 - -8) - -9.
4
What is 6 + -11 - (1 + 0 + -5)?
-1
What is the value of -4 + (1 - (-3 + 3 + -2))?
-1
What is -4 - ((-9 - -5) + 1)?
-1
Calculate -4 + 0 + (29 - 24).
1
Calculate 8 + (3 - (3 + 2)) + -12.
-6
(7 + -18 - -3) + 2
-6
Calculate 3 - (0 + -7 - -10).
0
5 + -13 - (-8 - 6)
6
(22 - (21 + 4)) + 1 + 8
6
What is the value of 5 + (-3 + 9 - (-12 - -15))?
8
Evaluate -4 - (-5 - (2 - 8)).
-5
(6 - -1) + -5 - (-2 + -1)
5
Calculate (-41 - -38) + (1 - -1).
-1
What is the value of 6 - 13 - (0 - 2)?
-5
What is -4 - ((1 - 8) + -2)?
5
What is the value of (5 - (6 - -6)) + 9?
2
(-1 - -5) + 4 + 1 + 0
9
What is -7 + 1 + 13 + -1?
6
Evaluate 4 - (-4 - -2 - -7) - -3.
2
What is the value of -1 + 2 - (-12 + -9 + 27)?
-5
8 - (11 + -7 - 0)
4
Evaluate 10 + -13 + (0 - -4).
1
Evaluate (-5 - -3 - 3) + 2.
-3
What is the value of 2 - (-3 + (-4 - (-1 + -2)))?
6
-5 - ((1 - 17) + (-6 - -10))
7
What is 8 + (-2 - -3) + -4?
5
(2 - 2 - -1) + -115 + 110
-4
What is -7 + (-6 - -9) + 6?
2
Calculate 2 + 0 + -7 + 3 + 2.
0
What is -3 + (-1 - 5 - -1) + 5?
-3
What is 3 - -1 - (-3 - -4)?
3
What is (-4 + 10 - 9) + -3 + -1?
-7
What is the value of 27 - 31 - (-7 - 0)?
3
-4 + (-5 - -9) - 5
-5
(17 - 12) + -12 + 7
0
7 - (27 - 24 - (-1 - 6))
-3
Evaluate 22 + -29 - (-1 - 3).
-3
7 + -1 - (4 + -2) - 7
-3
What is 0 - (3 - (2 - 6))?
-7
Evaluate -7 + (1 - 0) + 0.
-6
What is the value of 2 + 1 + (-74 - -65) - -4?
-2
(10 - 1) + (13 - -5) + -23
4
2 + 7 + (-3 - 2)
4
What is the value of 2 + -1 + 1 - 2?
0
What is 1 + (2 + -2 - -1) + -1?
1
Calculate (10 - 3) + (-5 - 5).
-3
What is the value of 2 + -5 + 1 - (8 - 7)?
-3
Evaluate 5 - (-1 - (-7 + 5) - -3).
1
3 + -13 + -8 + 18
0
Evaluate (-2 - -5 - 5) + (-5 - -9).
2
Evaluate 8 - (10 - (7 - 2)).
3
(-5 - -1) + -10 + 26 + -10
2
Calculate 10 - ((0 - -6) + -3 + 2).
5
What is the value of 4 - (-16 + (6 - -4))?
10
Calculate 4 - (4 - -12 - 8).
-4
Evaluate 6 + (-10 + -1 - -10).
5
Evaluate 2 - (-3 - -8 - 0).
-3
Evaluate 7 + (0 - -4) + -7.
4
Calculate -22 - ((-23 - -8) + 2).
-9
Evaluate -2 + -6 + -45 + 51.
-2
Calculate -4 + 4 - (-9 - -5).
4
Calculate 1 - (-8 + (-6 - -9)).
6
What is 1 - (0 + -1 + 3 - 2)?
1
What is 6 + 5 + -1 + -8 + -1?
1
What is 12 + -10 - -2 - -4?
8
Evaluate 3 + (0 - 4) + -4.
-5
What is -6 - ((1 - -1) + -4)?
-4
0 - -3 - (4 + 0) - -1
0
What is the value of 4 + -2 - (-5 + (6 - 5))?
6
What is 22 + (-10 + -8 - -4)?
8
Calculate 12 - (8 + 12 + 0).
-8
What is the value of -3 - (-4 - 4) - (1 + 1)?
3
-1 + (4 - (2 - 0)) - 2
-1
What is the value of -8 + -1 + 8 + -3 + 1?
-3
-5 + -4 + (1 - -9)
1
Evaluate (-14 + 10 - (-6 - -2)) + 0.
0
What is the value of 7 + -9 + 5 + 0?
3
What is (-5 - -5) + -1 + -1?
-2
Evaluate -3 + -2 - (0 + (3 - 5)).
-3
What is -7 - (-1 - -5 - 6)?
-5
-1 + -3 + 2 + 41 + -32
7
Evaluate -1 + 4 + -1 + 0.
2
What is the value of -2 + 3 - (-1 - -2 - -1)?
-1
8 - (8 + -4) - 2
2
-87 - -82 - (-10 - 0)
5
What is 39 + -45 - (0 + -4)?
-2
Calculate -14 - (-24 - (-5 - 6)).
-1
Evaluate 3 + -3 + 1 + 1.
2
Evaluate (-3 - 1) + 7 + 0.
3
Calculate -30 + 23 + (10 - 3) + -1.
-1
7 - 0 - (42 + -40)
5
What is the value of 5 + -11 + (4 + 0 - -9)?
7
Evaluate 0 + -6 + -3 + 4.
-5
Calculate -4 - -5 - (-4 - (3 + -1)).
7
(0 - 4) + (17 - (7 + 1))
5
Calculate (0 - -1) + 8 + -15.
-6
4 - 2 - (1 + 1)
0
What is the value of 4 - (6 - 1) - -2?
1
(2 - 0) + -4 - 5
-7
Evaluate 3 - (0 + 6) - -3.
0
What is 17 - (-4 + 13 - 0)?
8
-4 + (4 - (-1 - (3 + -4)))
0
What is (12 - 0) + 24 + -6 + -23?
7
Calculate (0 - -4) + (-4 - 1).
-1
What is the value of -3 + -1 + (5 - 0)?
1
What is the value of 10 + (38 - 35 - (7 + -1))?
7
Calculate 0 + 9 + -9 + -4.
-4
(10 - (20 + -11)) + 5 + 0
6
4 + -2 + 8 + (90 - 96)
4
What is the value of 8 - ((3 - 6) + (1 - -8))?
2
What is 5 + (1 - 6) - (-1 + 5)?
-4
What is the value of (8 - 16) + (-2 - (-5 - -3))?
-8
0 + (-1 - -10) + 3 + -7
5
What is (15 - 9) + (-3 - -6) + -10?
-1
1 + 0 + (16 + -23 - -9)
3
(-2 - 0 - -3) + 0 - -4
5
What is (-6 - -2) + 6 - (5 - 6)?
3
What is the value of 0 + -7 + 11 + (0 - 1)?
3
Calculate 5 + (2 - -4 - 6) + -9.
-4
What is 3 - (3 + -3 + 9)?
-6
What is -7 + -7 + 8 + 6?
0
Evaluate (5 - 1) + (-6 - -4).
2
11 + (-3 - -8) + -15
1
What is the value of 4 + -1 - (8 - (-10 + 20))?
5
Calculate (-2 - 0) + (1 - (-3 + 7)).
-5
What is -8 + 3 - (-5 + -8)?
8
What is 1 - 5 - (1 - 2)?
-3
Calculate 7 + -1 - (24 + -21).
3
-9 + -6 + 13 + 0
-2
Evaluate 5 - 1 - (-15 + 11).
8
0 + (0 - ((-2 - 0) + 1))
1
What is the value of 0 - (2 + 1) - -2 - -6?
5
What is the value of (-5 - -7) + (-2 - -7)?
7
What is the value of 1 + 0 + -15 + 15?
1
What is the value of -7 + (-4 - 3) + 15?
1
What is the value of -34 - -33 - (0 - 5)?
4
Evaluate -1 + 8 + 3 + -6 + 3.
7
Evaluate 2 - 0 - (-3 + 3).
2
Calculate 0 + -7 + 0 + 9.
2
Calculate 7 + (-4 - -1) - (-9 - -16).
-3
Calculate (4 - 15) + 8 - (1 + 3).
-7
Evaluate -2 + (-2 - -1 - (-6 - -5)).
-2
What is 7 - 2 - (-6 - -7)?
4
Evaluate 7 - (8 - (2 + -3 + -2)).
-4
Evaluate -12 - (-8 + 4 - 5).
-3
What is the value of 8 + -8 + 3 + -1?
2
Calculate 1 + 5 + 5 + -9.
2
0 - (-2 + (5 - (2 + 1)))
0
What is 5 - (2 + 0 - -1)?
2
2 + 6 + -3 - (2 + 4)
-1
-10 + 18 + -4 + -4
0
Evaluate -9 - (3 + 7 + -16).
-3
What is the value of (3 - 4) + 0 - 2?
-3
What is 10 + -2 + -8 + 6?
6
Calculate -6 + -6 + 1 + 10.
-1
Calculate -3 + 4 + -6 + 6 + 2.
3
What is the value of -4 + (3 - 3) + 3?
-1
Evaluate 0 + 3 + (-52 - -47).
-2
What is the value of 4 + -2 - -1 - 0?
3
What is -20 + 19 + (0 - 2)?
-3
What is 5 - (5 - (3 + 2))?
5
Evaluate -6 + 1 - (-2 - 8).
5
What is 5 + (-1 - 1) + -5 + 0?
-2
Calculate 6 + -5 - (-1 - 1 - 3).
6
Evaluate -1 + -8 + (-106 - -108).
-7
Calculate (-8 - (11 + -12)) + 3.
-4
What is the value of -14 - (0 - 2 - (9 + -5))?
-8
What is (-1 - -2) + -3 - (1 + -5)?
2
Evaluate -6 + 1 + (0 - 5) + 7.
-3
Calculate 0 + (4 - (6 - 5)).
3
What is the value of (-2 + 0 - -1) + (-14 - -12)?
-3
Evaluate -4 - 5 - -7 - 0.
-2
7 + -2 + 4 + -4
5
Evaluate 5 + (-2 - (2 - -1)).
0
Calculate (-2 - 5) + 9 + -5 + 1.
-2
What is 5 + (-4 - 0) + 7 + -13?
-5
Calculate 0 + (-2 - 0) - (36 + -42).
4
What is the value of 4 + -6 + 1 + 2?
1
-1 + 0 - (12 - 16)
3
-12 + 0 - (1 + 2 + -7)
-8
(3 - (3 + -1 - -1)) + -4
-4
Evaluate (-1 - (2 - 3)) + 14 + -14.
0
Calculate 3 + 7 + -5 - 3 - 2.
0
12 - (7 + -9 + -2 + 11)
5
What is the value of (-10 - 2) + (5 - 4)?
-11
What is -8 + -1 + 0 + (7 - 3)?
-5
12 + -2 - 10 - (-1 + -2)
3
Evaluate 2 - (-3 + 1 + 2).
2
Evaluate 2 + (3 - 1 - (-8 - -9)).
3
Evaluate (18 - 3 - 8) + (0 - 12).
-5
Evaluate 2 - 3 - (-2 + -2 + -1).
4
Calculate -1 - -9 - (18 + -16).
6
Calculate -3 + 6 + (2 - 4).
1
11 + -12 + 5 - -1
5
Calculate 59 - 65 - (0 - 1).
-5
Calculate (-4 + 7 + -3 - 3) + 2.
-1
What is 0 + 2 - (1 - 5 - -3)?
3
What is the value of 4 + -4 + 4 - 1?
3
Evaluate 0 + 0 + -3 - -4.
1
Evaluate (-2 - 1) + (1 - 4) + 7.
1
What is the value of -4 + 0 - ((-6 - 5) + 10)?
-3
What is 1 - (-3 + 10 + -3)?
-3
Calculate 7 + (-1 - (-2 - -5)) - -2.
5
Calculate 30 - 28 - (4 + -4 + -3).
5
What is the value of -2 + 4 + (7 - 18 - -3)?
-6
Evaluate (-2 + 7 - (4 - 7)) + 1.
9
What is the value of 0 + -2 - (0 - (-1 - -4))?
1
What is the value of 1 + (2 - (7 - (9 + -4)))?
1
What is (2 - 1) + 1 + -4 - 3?
-5
What is the value of (-2 - 2) + (45 - 36)?
5
Evaluate -11 + -2 + (-3 - -10).
-6
-2 - (-2 - (-4 + 2)) - -3
1
Evaluate -2 - (3 + -3 + -1 - 2).
1
Evaluate (0 - (-6 - -2)) + 1 + -1.
4
Evaluate (-3 - 2) + (-4 - -13 - 3).
1
What is the value of -3 + (-1 - -3) + 2?
1
(-2 - -2) + 8 + -3
5
What is -3 - (-5 - (-10 + 10))?
2
0 + 1 + -1 - (4 - 2)
-2
10 + 2 + (-19 + 16 - 0)
9
What is (-18 - -23) + 0 + 3 + -7?
1
Calculate 2 + -1 + 0 + (7 - 9).
-1
What is -12 + -4 + 5 + 16?
5
What is -3 - (-6 - (3 + -6))?
0
What is -5 + (-5 - (-7 - 4))?
1
Evaluate -5 + 15 + (1 - 4).
7
Calculate -32 + -13 + 23 - -13.
-9
Calculate 0 + 1 - (0 + -4).
5
Calculate (8 + 0 - (3 + 1)) + -7.
-3
What is the value of -6 + (2 - -3) + 0?
-1
20 + -12 + (-2 - 0) + 0
6
67 + -63 - (9 - 1)
-4
What is -2 - ((4 - 2) + -6) - 7?
-5
Calculate -4 + 7 - 4 - 0.
-1
What is 13 - (8 - 5 - 0) - 6?
4
What is the value of 0 + 0 + 5 + -1?
4
What is the val